*(-10)/(-1). Suppose 0 = 3*t - z*t + 4, 3*t = -5*q + 2188. What are the prime factors of q?
2, 5, 11
Let y(x) = -x**3 + 5*x**2 + 17*x - 18. Let u be y(7). Suppose -5*h + 213 = u*p, 476 = 5*p - 3*h + 155. What are the prime factors of p?
2, 3, 11
Suppose 50*q = 927407 - 222407. List the prime factors of q.
2, 3, 5, 47
Let n(q) = 23*q**2 + 55*q + 543. What are the prime factors of n(-8)?
3, 5, 7
Let f(n) = 4*n**2 - n + 1. Let k(r) = r - 7*r + 1 + 2*r**2 + 5*r. Let c(i) = 6*f(i) - 11*k(i). What are the prime factors of c(8)?
163
Let u(s) = 2*s + 2. Let z be u(12). Let b be (1 + z/(-10))*(-9050)/20. Suppose 0 = 6*o - 10*o + b. List the prime factors of o.
181
Let w = -4535 + 9875. What are the prime factors of w?
2, 3, 5, 89
Let j(t) = -t**3 + 29*t**2 - 53*t - 17. Let y be j(27). Suppose 5*v = y*v + s - 3513, s - 1404 = -2*v. List the prime factors of v.
19, 37
Let y be 1911/63 - 4/(-6). List the prime factors of 5 + -2 + y + 0.
2, 17
List the prime factors of (-2)/((-16)/(-6))*1355728/(-132).
7703
Let h be (-9 - (-18)/(-12))/((-9)/6). Suppose 11*r = h*r + 284. List the prime factors of r.
71
Let l = 4205 + -2775. Suppose -6*d = l + 1078. Let o = d + 659. List the prime factors of o.
241
Suppose -5*r + 20 = -2*y, 0*y = -2*y - 10. Suppose r*s - 5*x - 38 = 52, 0 = -s + 4*x + 48. List the prime factors of s.
2, 5
Suppose 0*l + 2*l - 42 = 4*u, 0 = 2*l + 5*u - 6. Let n(p) = p**3 - 11*p**2 + 1. What are the prime factors of n(l)?
3, 113
Suppose 5*h = 2*z + 159 + 169, -4*h + 236 = 5*z. Suppose -2*x - 4*d - 64 = 0, 3*x + 3*d + h + 26 = 0. What are the prime factors of (x/42)/((-2)/387)?
3, 43
Suppose 25*a + 42*a - 4203 = 51541. List the prime factors of a.
2, 13
Let z = 41 - 36. Suppose 0 = 5*o + 4*m, -2*o = -z*m - 0*m. Suppose o = i - 70 - 16. What are the prime factors of i?
2, 43
Let x = 17485 - 9241. What are the prime factors of x?
2, 3, 229
Let g(n) = -7*n**2 + 12*n - 84. Let z be g(5). Let f = z - -268. What are the prime factors of f?
3, 23
Let w = -1067 + 1827. Let l = w - 425. What are the prime factors of 10/30 - l/(-3)?
2, 7
Suppose 5*w - 4*v = 157061, -8 = 6*v - 4*v. What are the prime factors of w?
7, 641
Let s = -8247 - -14356. List the prime factors of s.
41, 149
Let s be ((-6)/18)/(3/(-36)) - -502. Suppose 0 = -3*k - 3*j + 1563, -2*j + 6*j = -k + s. What are the prime factors of k?
2, 263
Let z be (-5)/(-25)*-5 - (-2103 - 2). Suppose z = 3*v + 2*l - 813, 3*l + 954 = v. What are the prime factors of v?
3, 17, 19
List the prime factors of ((-16)/(-40))/((-2051)/(-4095) + (-2)/4).
2, 3, 13
Let n = 11001 + -5881. List the prime factors of n.
2, 5
Let y be -85 - 4*7/(-28). Suppose 78 = -5*r + 1243. Let j = y + r. What are the prime factors of j?
149
Let j(k) = -k**3 + 49*k**2 - 105*k + 116. List the prime factors of j(44).
2, 647
Suppose -25 = -2*u + m, 0*u - 75 = -5*u + 5*m. Let p(c) = -c**3 - 5*c**2 + 152*c + 778. Let i be p(-5). List the prime factors of (12/i)/(u/1845).
3, 41
Let m(s) = 1447*s + 2421. What are the prime factors of m(16)?
107, 239
Suppose -8*f = 17*f - 6083 - 11192. List the prime factors of f.
691
Let o = 353 + -349. Suppose r - 260 = -o*r. What are the prime factors of r?
2, 13
Let y = 22176 + -6551. List the prime factors of y.
5
Let g(k) = -13*k + 948. List the prime factors of g(-64).
2, 5, 89
Suppose -1890408 = -103*k + 30*k. List the prime factors of k.
2, 3, 13, 83
List the prime factors of (55031/5 - 13)/(27/90).
2, 9161
Suppose 50989 = 40*o - 9251. What are the prime factors of o?
2, 3, 251
Let t(c) = 3*c**2 + 6*c + 7. Let q be t(-4). Suppose 0 = -15*a + 14*a - q. Let s = a - -33. What are the prime factors of s?
2
Suppose d - 6234 = -2*c, 2*c = 69*d - 64*d + 6222. What are the prime factors of c?
2, 19, 41
Let t(o) = o**3 + 2*o**2 + o - 1. Let v(f) = 6*f**3 - 3*f**2 - 4*f + 8. Let p(a) = 3*t(a) + v(a). What are the prime factors of p(2)?
3, 29
Let y = 560 + 2306. List the prime factors of y.
2, 1433
Let r(t) = -174*t - 232. Suppose 2*m - 20 = 2*v, -9*v = -8*v - 5*m + 2. List the prime factors of r(v).
2, 29
Let v = 3058 - -3326. List the prime factors of v.
2, 3, 7, 19
Let y(z) = 4*z**2 - 3*z - 8. Let s be y(5). Let i(u) = -u**3 - 25*u**2 - 24*u + 19. Let v be i(-24). Let m = s - v. What are the prime factors of m?
2, 29
Let z be ((-866)/8 - (-3)/(-12))/(16/32). Let l = 1130 + -652. Let y = z + l. List the prime factors of y.
3, 29
Suppose -28*g - 108*g + 4302088 = 0. List the prime factors of g.
7, 4519
Let d = 30 + -34. Let p be d*(3 + 34/(-8)). Suppose 5*r = -4*n + 280, 285 = p*n + 3*r - 78. What are the prime factors of n?
3, 5
Suppose -38*b = 28*b - 374616. List the prime factors of b.
2, 3, 11, 43
Let p(s) = -34*s**2 + 14*s - 5. Let i(z) = z**3 - 36*z**2 + 14*z - 4. Let f(m) = -2*i(m) + 3*p(m). List the prime factors of f(-16).
281
What are the prime factors of 210 + 829 + (-1)/(2/14)?
2, 3, 43
Suppose 8*a - 5*a - 4*o = 12, 0 = -5*a - 16*o + 20. Let p be (2/(-3))/((-2)/(-408)). Let y = a - p. List the prime factors of y.
2, 5, 7
Let y = -243 + 246. Suppose -y*x + 459 = -2*n, 4*n - 2 = -14. List the prime factors of x.
151
Let l(o) = -259*o - 1382. What are the prime factors of l(-21)?
4057
Suppose -325*y = -319*y - 7248. Suppose -9*d + 3467 = y. What are the prime factors of d?
251
Suppose -2*a = -5*q - 0*q + 8884, q + 2*a = 1784. Suppose -3*h - 2*v + q = 0, h - v - 1176 = -h. List the prime factors of h.
2, 5, 59
Let n be 6 - 0 - 17/(-17). Let m be n/(-21) + 1/3. Suppose m = v - 36 - 54. List the prime factors of v.
2, 3, 5
List the prime factors of ((-2420628)/(-49) - 24/(-56)) + (9 - 1).
49409
Let h = 5522 - 2575. Suppose 3*f - 2336 = -6*w + 2*w, 3*f = 5*w - h. List the prime factors of w.
587
Let n = 37824 - 29576. List the prime factors of n.
2, 1031
Suppose 196685 + 409339 = 57*r. List the prime factors of r.
2, 3, 443
Suppose -2*a - 6*w + 348 = -2*w, w - 2 = 0. Let o be (115/25 + -5)/((-2)/a). What are the prime factors of (-4)/2 + o*1?
2
Let t be (-105)/10*10/(-15). What are the prime factors of (-6)/(274/69 - (t - 3))?
3, 23
Suppose -b - 209 = -5*j + 46, 0 = -5*b - 25. Suppose -2*o - j = 34. List the prime factors of (-3122)/o - (-2)/3.
3, 5
Suppose -2*r + 12268 = -225*n + 227*n, -r - 24531 = -4*n. List the prime factors of n.
6133
Suppose 4*o - 5*p + 8 = 0, o + 0*o = -p + 7. Suppose -o*r + r = -374. Suppose -4*l + r + 29 = 4*i, 0 = 5*i - 3*l - 302. List the prime factors of i.
2, 29
Let q(s) = 2*s**2 - 9*s - 27. Let a(w) = -10*w - 24. Let u(h) = -3*a(h) + 2*q(h). Let v(d) = -d - 2. Let n be v(2). What are the prime factors of u(n)?
2, 17
Suppose 9*v - 2 = -11. Let h be 32 + 2 - (-2 + 3)*v. Suppose -21 = -8*u + h. What are the prime factors of u?
7
Let n(z) = -z**3 + z + 1. Let l(s) = -53*s**3 - 4*s**2 + 3*s - 8. Let i(o) = -l(o) - 4*n(o). List the prime factors of i(2).
2, 3, 7, 11
Let j be ((-2)/(-18))/((-4)/(-18))*-6614. What are the prime factors of (-15)/40 - j/8?
7, 59
Suppose -9015939 = -466*f + 2202079. List the prime factors of f.
7, 19, 181
Let o = 4722 + 46881. What are the prime factors of o?
3, 103, 167
List the prime factors of 4/(-54) + (-2)/(-7) + (-1548437)/(-189).
3, 2731
Let g = 20 - 17. Suppose -2*l - l + 1443 = g*k, 963 = 2*k + 3*l. Suppose -61*y + 57*y = -k. List the prime factors of y.
2, 3, 5
Let g be (-6)/33 + 130/(-11). Let t be 0/((-3)/(g/4)). Suppose t = 36*q - 33*q - 378. List the prime factors of q.
2, 3, 7
Suppose -3*g + 24 = 2*t - 10, 2*g - 3*t = 14. Suppose -989 = -g*f - 179. Let v = 8 + f. What are the prime factors of v?
89
Suppose 3*x + 12 = -0*x. Let b be x/10 + 1/(5/197). Suppose 5*l - 4*a = 273, 3*l - 4*a + b = 206. What are the prime factors of l?
53
Let p = 10724 - -7188. What are the prime factors of p?
2, 2239
Suppose -2*k + k = -2*u + 664, -u = -3*k - 342. Suppose -6*d + 564 = -3*d. Let o = u - d. What are the prime factors of o?
2, 71
Let c = -25741 + 45200. What are the prime factors of c?
11, 29, 61
Suppose 38 = 2*a - 5*n, 0 = a + 4*n + 3 + 4. What are the prime factors of ((-892)/(-10))/(a/(-15) - -1)?
223
Suppose 14*d - 74617 = 52633 + 68316. List the prime factors of d.
61, 229
Suppose v + 74758 = -255*l + 259*l, 3*l = 5*v + 56043. What are the prime factors of l?
18691
Let j = 268 - 264. Let i(o) = 2*o**3 - 4*o**2 + o. Let s be i(3). Suppose -